 is the units digit of 56486141?
1
What is the units digit of 217265747?
7
What is the ten thousands digit of 1299579718?
7
What is the ten millions digit of 87045156?
8
What is the hundred thousands digit of 27890470?
8
What is the ten thousands digit of 334171701?
7
What is the hundred thousands digit of 5645608?
6
What is the hundreds digit of 358987412?
4
What is the hundred thousands digit of 7263814433?
8
What is the units digit of 24532748?
8
What is the units digit of 159617321?
1
What is the hundred thousands digit of 2710000926?
0
What is the millions digit of 472120892?
2
What is the tens digit of 5319043846?
4
What is the billions digit of 1418381008?
1
What is the thousands digit of 755866957?
6
What is the millions digit of 172940562?
2
What is the tens digit of 330644980?
8
What is the ten millions digit of 52603791?
5
What is the thousands digit of 369807944?
7
What is the units digit of 568018341?
1
What is the millions digit of 36570742?
6
What is the tens digit of 62534072?
7
What is the units digit of 39650978?
8
What is the ten millions digit of 2152901140?
5
What is the hundred thousands digit of 26472215?
4
What is the thousands digit of 19290796?
0
What is the billions digit of 2453293866?
2
What is the ten millions digit of 2001339817?
0
What is the millions digit of 935856015?
5
What is the hundreds digit of 258927047?
0
What is the tens digit of 60649693?
9
What is the ten thousands digit of 131800514?
0
What is the millions digit of 28139729?
8
What is the hundred thousands digit of 91132901?
1
What is the millions digit of 171896959?
1
What is the billions digit of 5235722477?
5
What is the units digit of 1576194746?
6
What is the thousands digit of 16159216?
9
What is the billions digit of 4311176512?
4
What is the millions digit of 37158926?
7
What is the tens digit of 65250792?
9
What is the hundreds digit of 1253596751?
7
What is the ten thousands digit of 85125750?
2
What is the thousands digit of 416999205?
9
What is the hundred thousands digit of 2188018202?
0
What is the ten millions digit of 303457567?
0
What is the hundred millions digit of 1016548972?
0
What is the millions digit of 56916175?
6
What is the millions digit of 94240506?
4
What is the hundreds digit of 5090736?
7
What is the millions digit of 592097088?
2
What is the hundred thousands digit of 33523196?
5
What is the tens digit of 641073475?
7
What is the hundred millions digit of 1301988641?
3
What is the hundreds digit of 39191611?
6
What is the units digit of 210533426?
6
What is the ten thousands digit of 1120388716?
8
What is the hundred thousands digit of 10455056?
4
What is the ten millions digit of 32920227?
3
What is the thousands digit of 666486592?
6
What is the tens digit of 121639622?
2
What is the millions digit of 56569196?
6
What is the tens digit of 858464791?
9
What is the tens digit of 317545761?
6
What is the millions digit of 528910243?
8
What is the thousands digit of 2825742220?
2
What is the millions digit of 253905815?
3
What is the units digit of 453937180?
0
What is the tens digit of 73138282?
8
What is the hundred millions digit of 249566138?
2
What is the units digit of 55698040?
0
What is the millions digit of 273057374?
3
What is the units digit of 154216176?
6
What is the thousands digit of 54143172?
3
What is the thousands digit of 204795327?
5
What is the ten millions digit of 148844005?
4
What is the tens digit of 37674812?
1
What is the millions digit of 33267703?
3
What is the thousands digit of 127471124?
1
What is the thousands digit of 56397997?
7
What is the units digit of 21808437?
7
What is the ten millions digit of 303981056?
0
What is the ten millions digit of 459848488?
5
What is the units digit of 164037533?
3
What is the millions digit of 10525601?
0
What is the ten millions digit of 512041947?
1
What is the ten thousands digit of 1723591177?
9
What is the thousands digit of 51438299?
8
What is the millions digit of 26234969?
6
What is the millions digit of 938721294?
8
What is the ten thousands digit of 1310469016?
6
What is the tens digit of 207333802?
0
What is the hundred thousands digit of 12242401?
2
What is the ten millions digit of 358946641?
5
What is the hundred thousands digit of 81431420?
4
What is the millions digit of 83777465?
3
What is the ten thousands digit of 678992826?
9
What is the thousands digit of 852379224?
9
What is the ten millions digit of 3409447218?
0
What is the units digit of 8232846443?
3
What is the hundred thousands digit of 88804107?
8
What is the hundreds digit of 44002917?
9
What is the hundred thousands digit of 1521984980?
9
What is the ten thousands digit of 821458831?
5
What is the ten thousands digit of 83439995?
3
What is the ten millions digit of 34509505?
3
What is the hundred millions digit of 2055706075?
0
What is the thousands digit of 39281496?
1
What is the ten millions digit of 1581463953?
8
What is the units digit of 103917174?
4
What is the tens digit of 20329387?
8
What is the thousands digit of 23191921?
1
What is the units digit of 334475214?
4
What is the hundred millions digit of 2723698905?
7
What is the millions digit of 149897302?
9
What is the ten thousands digit of 10037012?
3
What is the ten thousands digit of 6271998254?
9
What is the thousands digit of 15539179?
9
What is the hundred millions digit of 1040539730?
0
What is the ten thousands digit of 1601122713?
2
What is the hundred millions digit of 673679227?
6
What is the thousands digit of 249732482?
2
What is the tens digit of 475326929?
2
What is the units digit of 4154772881?
1
What is the tens digit of 2048636863?
6
What is the ten millions digit of 41453235?
4
What is the units digit of 419523028?
8
What is the ten thousands digit of 383064869?
6
What is the ten millions digit of 580614264?
8
What is the millions digit of 137366081?
7
What is the units digit of 376025154?
4
What is the hundred thousands digit of 1928929130?
9
What is the thousands digit of 592177951?
7
What is the ten millions digit of 5422716950?
2
What is the hundred thousands digit of 78833247?
8
What is the hundreds digit of 61789500?
5
What is the hundred thousands digit of 126816948?
8
What is the ten millions digit of 212153260?
1
What is the ten thousands digit of 600765533?
6
What is the tens digit of 913762917?
1
What is the units digit of 3139540071?
1
What is the hundred millions digit of 651612834?
6
What is the millions digit of 53217204?
3
What is the hundred millions digit of 702568702?
7
What is the ten thousands digit of 55898615?
9
What is the hundreds digit of 474425447?
4
What is the ten millions digit of 3273208231?
7
What is the millions digit of 1638150935?
8
What is the tens digit of 108736774?
7
What is the thousands digit of 3214024254?
4
What is the hundred thousands digit of 5639960?
6
What is the ten millions digit of 310596229?
1
What is the hundred millions digit of 576365383?
5
What is the millions digit of 171486721?
1
What is the tens digit of 2385034671?
7
What is the ten millions digit of 2732123814?
3
What is the billions digit of 1013207900?
1
What is the ten millions digit of 30302260?
3
What is the tens digit of 1707460573?
7
What is the hundred thousands digit of 250023320?
0
What is the hundreds digit of 3274182987?
9
What is the billions digit of 5188464754?
5
What is the millions digit of 92500089?
2
What is the units digit of 40847820?
0
What is the tens digit of 153432870?
7
What is the millions digit of 2993967?
2
What is the tens digit of 3143220?
2
What is the hundreds digit of 1008591862?
8
What is the hundred thousands digit of 6394836894?
8
What is the hundred millions digit of 2449102483?
4
What is the ten thousands digit of 573252956?
5
What is the ten thousands digit of 41938030?
3
What is the ten millions digit of 9398175830?
9
What is the thousands digit of 89348441?
8
What is the hundreds digit of 1491190544?
5
What is the units digit of 1142309?
9
What is the millions digit of 79590668?
9
What is the units digit of 3729023?
3
What is the millions digit of 73761306?
3
What is the ten thousands digit of 89926230?
2
What is the units digit of 82167483?
3
What is the ten thousands digit of 348313724?
1
What is the thousands digit of 70033997?
